{"id":1044,"date":"2019-08-03T14:28:13","date_gmt":"2019-08-03T12:28:13","guid":{"rendered":"http:\/\/panochrome.fr\/fr\/?page_id=1044"},"modified":"2019-08-19T16:30:26","modified_gmt":"2019-08-19T14:30:26","slug":"dinan","status":"publish","type":"page","link":"https:\/\/panochrome.fr\/fr\/panoramas\/france\/dinan\/","title":{"rendered":"Dinan"},"content":{"rendered":"\n<p><\/p>\n\n\n\n<div class=\"wp-block-columns has-2-columns is-layout-flex wp-container-core-columns-is-layout-9d6595d7 wp-block-columns-is-layout-flex\">\n<div class=\"wp-block-column is-layout-flow wp-block-column-is-layout-flow\">\n<div class=\"wp-block-advgb-image advgb-image-block full-width\" style=\"background-image:url(http:\/\/panochrome.fr\/fr\/wp-content\/uploads\/2019\/07\/france-Lyon-dinan-rempart.jpg);height:250px;width:500px;justify-content:flex-end;align-items:flex-start\" data-image=\"http:\/\/panochrome.fr\/fr\/wp-content\/uploads\/2019\/07\/france-Lyon-dinan-rempart.jpg\"><a class=\"advgb-image-overlay\" style=\"background-color:#eeeeee\" target=\"_blank\" rel=\"noopener noreferrer\" href=\"https:\/\/panochrome.fr\/panoramas\/france\/normandie\/dinan-rampart\/index.html\"><\/a><\/div>\n\n\n\n<p><br><\/p>\n<\/div>\n\n\n\n<div class=\"wp-block-column is-layout-flow wp-block-column-is-layout-flow\">\n<h5 class=\"wp-block-heading\"><strong><span style=\"text-decoration: underline;\"><a href=\"https:\/\/panochrome.fr\/panoramas\/france\/normandie\/dinan-rampart\/index.html\" target=\"_blank\" rel=\"noreferrer noopener\" aria-label=\" (s\u2019ouvre dans un nouvel onglet)\">Dinan &#8211; Rempart<\/a><\/span><\/strong><\/h5>\n\n\n\n<p>Dinan est une cit\u00e9 m\u00e9di\u00e9vale dominant la vall\u00e9e de la Rance. La ville est encore enti\u00e8rement ceinte de ses remparts, d\u2019o\u00f9 a \u00e9t\u00e9 pris ce panorama.<br><br><br><br><br><\/p>\n\n\n\n<p><em>Mat\u00e9riel: Canon SnapShot A80 \/ Prise de vue \u00e0 la vol\u00e9e<\/em><\/p>\n<\/div>\n<\/div>\n\n\n\n<p><\/p>\n","protected":false},"excerpt":{"rendered":"<p>Dinan &#8211; Rempart Dinan est une cit\u00e9 m\u00e9di\u00e9vale dominant la vall\u00e9e de la Rance. La ville est encore enti\u00e8rement ceinte de ses remparts, d\u2019o\u00f9 a \u00e9t\u00e9 pris ce panorama. Mat\u00e9riel: Canon SnapShot A80 \/ Prise de vue \u00e0 la vol\u00e9e<\/p>\n","protected":false},"author":1,"featured_media":0,"parent":346,"menu_order":3,"comment_status":"closed","ping_status":"closed","template":"","meta":{"_uag_custom_page_level_css":"","advgb_blocks_editor_width":"","advgb_blocks_columns_visual_guide":"","footnotes":""},"class_list":["post-1044","page","type-page","status-publish","hentry"],"uagb_featured_image_src":{"full":false,"thumbnail":false,"medium":false,"medium_large":false,"large":false,"1536x1536":false,"2048x2048":false},"uagb_author_info":{"display_name":"Etienne","author_link":"https:\/\/panochrome.fr\/fr\/author\/edgeat51-wp\/"},"uagb_comment_info":0,"uagb_excerpt":"Dinan &#8211; Rempart Dinan est une cit\u00e9 m\u00e9di\u00e9vale dominant la vall\u00e9e de la Rance. La ville est encore enti\u00e8rement ceinte de ses remparts, d\u2019o\u00f9 a \u00e9t\u00e9 pris ce panorama. Mat\u00e9riel: Canon SnapShot A80 \/ Prise de vue \u00e0 la vol\u00e9e","coauthors":[],"author_meta":{"author_link":"https:\/\/panochrome.fr\/fr\/author\/edgeat51-wp\/","display_name":"Etienne"},"relative_dates":{"created":"Publi\u00e9 7 ans il y a","modified":"Mis \u00e0 jour 7 ans il y a"},"absolute_dates":{"created":"Publi\u00e9 le 3 ao\u00fbt 2019","modified":"Mise \u00e0 jour le 19 ao\u00fbt 2019"},"absolute_dates_time":{"created":"Publi\u00e9 le 3 ao\u00fbt 2019 14 h 28 min","modified":"Mise \u00e0 jour le 19 ao\u00fbt 2019 16 h 30 min"},"featured_img_caption":"","featured_img":false,"series_order":"","_links":{"self":[{"href":"https:\/\/panochrome.fr\/fr\/wp-json\/wp\/v2\/pages\/1044","targetHints":{"allow":["GET"]}}],"collection":[{"href":"https:\/\/panochrome.fr\/fr\/wp-json\/wp\/v2\/pages"}],"about":[{"href":"https:\/\/panochrome.fr\/fr\/wp-json\/wp\/v2\/types\/page"}],"author":[{"embeddable":true,"href":"https:\/\/panochrome.fr\/fr\/wp-json\/wp\/v2\/users\/1"}],"replies":[{"embeddable":true,"href":"https:\/\/panochrome.fr\/fr\/wp-json\/wp\/v2\/comments?post=1044"}],"version-history":[{"count":2,"href":"https:\/\/panochrome.fr\/fr\/wp-json\/wp\/v2\/pages\/1044\/revisions"}],"predecessor-version":[{"id":1522,"href":"https:\/\/panochrome.fr\/fr\/wp-json\/wp\/v2\/pages\/1044\/revisions\/1522"}],"up":[{"embeddable":true,"href":"https:\/\/panochrome.fr\/fr\/wp-json\/wp\/v2\/pages\/346"}],"wp:attachment":[{"href":"https:\/\/panochrome.fr\/fr\/wp-json\/wp\/v2\/media?parent=1044"}],"curies":[{"name":"wp","href":"https:\/\/api.w.org\/{rel}","templated":true}]}}

<p></p>



<div class="wp-block-columns has-2-columns is-layout-flex wp-container-core-columns-is-layout-9d6595d7 wp-block-columns-is-layout-flex">
<div class="wp-block-column is-layout-flow wp-block-column-is-layout-flow">
<div class="wp-block-advgb-image advgb-image-block full-width" style="background-image:url(http://panochrome.fr/fr/wp-content/uploads/2019/07/france-Lyon-dinan-rempart.jpg);height:250px;width:500px;justify-content:flex-end;align-items:flex-start" data-image="http://panochrome.fr/fr/wp-content/uploads/2019/07/france-Lyon-dinan-rempart.jpg"><a class="advgb-image-overlay" style="background-color:#eeeeee" target="_blank" rel="noopener noreferrer" href="https://panochrome.fr/panoramas/france/normandie/dinan-rampart/index.html"></a></div>



<p><br></p>
</div>



<div class="wp-block-column is-layout-flow wp-block-column-is-layout-flow">
<h5 class="wp-block-heading"><strong><span style="text-decoration: underline;"><a href="https://panochrome.fr/panoramas/france/normandie/dinan-rampart/index.html" target="_blank" rel="noreferrer noopener" aria-label=" (s’ouvre dans un nouvel onglet)">Dinan &#8211; Rempart</a></span></strong></h5>



<p>Dinan est une cité médiévale dominant la vallée de la Rance. La ville est encore entièrement ceinte de ses remparts, d’où a été pris ce panorama.<br><br><br><br><br></p>



<p><em>Matériel: Canon SnapShot A80 / Prise de vue à la volée</em></p>
</div>
</div>



<p></p>

<p>Dinan &#8211; Rempart Dinan est une cité médiévale dominant la vallée de la Rance. La ville est encore entièrement ceinte de ses remparts, d’où a été pris ce panorama. Matériel: Canon SnapShot A80 / Prise de vue à la volée</p>

Dinan &#8211; Rempart Dinan est une cité médiévale dominant la vallée de la Rance. La ville est encore entièrement ceinte de ses remparts, d’où a été pris ce panorama. Matériel: Canon SnapShot A80 / Prise de vue à la volée

Publié 7 ans il y a

Mis à jour 7 ans il y a

Publié le 3 août 2019

Mise à jour le 19 août 2019

Publié le 3 août 2019 14 h 28 min

Mise à jour le 19 août 2019 16 h 30 min
